167009 is divided by 94.
93
Calculate the remainder when 2458016 is divided by 18481.
43
Calculate the remainder when 40614 is divided by 101.
12
Calculate the remainder when 1477907 is divided by 12.
11
Calculate the remainder when 37500466 is divided by 212.
210
Calculate the remainder when 367207 is divided by 61.
48
Calculate the remainder when 6740495 is divided by 29.
25
What is the remainder when 53492132 is divided by 65877?
8
What is the remainder when 35196932 is divided by 8?
4
What is the remainder when 1238545 is divided by 18?
1
What is the remainder when 1391276 is divided by 2040?
2036
Calculate the remainder when 106536 is divided by 271.
33
What is the remainder when 57181 is divided by 56681?
500
What is the remainder when 31335717 is divided by 30?
27
What is the remainder when 211552847 is divided by 12?
11
Calculate the remainder when 74837 is divided by 4135.
407
What is the remainder when 581039 is divided by 14?
11
Calculate the remainder when 4094037 is divided by 1571.
11
Calculate the remainder when 10114278 is divided by 2768.
6
Calculate the remainder when 37051 is divided by 51.
25
What is the remainder when 1899 is divided by 1386?
513
What is the remainder when 794177 is divided by 1022?
83
Calculate the remainder when 14305 is divided by 1353.
775
Calculate the remainder when 47251164 is divided by 5.
4
What is the remainder when 34863 is divided by 30875?
3988
Calculate the remainder when 392392 is divided by 2906.
82
Calculate the remainder when 38543 is divided by 408.
191
Calculate the remainder when 2425 is divided by 788.
61
What is the remainder when 1150501 is divided by 518?
23
What is the remainder when 1576705 is divided by 16?
1
What is the remainder when 1240816412 is divided by 2032?
2028
What is the remainder when 238467 is divided by 79485?
12
Calculate the remainder when 19878 is divided by 899.
100
Calculate the remainder when 290497 is divided by 72510.
457
What is the remainder when 9619219 is divided by 52?
51
What is the remainder when 7582 is divided by 3760?
62
Calculate the remainder when 14865936 is divided by 1351445.
41
What is the remainder when 18677948 is divided by 144?
140
Calculate the remainder when 1130536 is divided by 1993.
505
What is the remainder when 256595186 is divided by 645?
641
What is the remainder when 284618585 is divided by 26?
17
What is the remainder when 5229852 is divided by 6308?
520
What is the remainder when 53079 is divided by 765?
294
Calculate the remainder when 663225 is divided by 5392.
9
What is the remainder when 19137153 is divided by 9568576?
1
Calculate the remainder when 55597285 is divided by 57.
55
What is the remainder when 495244 is divided by 495089?
155
What is the remainder when 7715582 is divided by 483?
140
Calculate the remainder when 6551807 is divided by 9400.
7
Calculate the remainder when 559392 is divided by 130.
2
Calculate the remainder when 71691531 is divided by 159.
21
What is the remainder when 143802129 is divided by 302?
299
Calculate the remainder when 1877375 is divided by 116.
31
Calculate the remainder when 1092085 is divided by 10819.
10185
What is the remainder when 107280 is divided by 17846?
204
Calculate the remainder when 38803567 is divided by 776071.
17
Calculate the remainder when 8365078 is divided by 2610.
28
Calculate the remainder when 12867667 is divided by 2721.
58
What is the remainder when 1126577 is divided by 619?
616
What is the remainder when 138901 is divided by 4091?
3898
What is the remainder when 31463754 is divided by 18443?
18439
Calculate the remainder when 751623 is divided by 107374.
5
What is the remainder when 37678 is divided by 414?
4
What is the remainder when 37475970 is divided by 12491954?
108
What is the remainder when 13073157 is divided by 7663?
79
Calculate the remainder when 13638 is divided by 2138.
810
What is the remainder when 697022 is divided by 77243?
1835
Calculate the remainder when 5758957 is divided by 970.
67
What is the remainder when 42683929 is divided by 59119?
11
What is the remainder when 17021 is divided by 83?
6
What is the remainder when 4982839 is divided by 2491382?
75
What is the remainder when 268302 is divided by 2670?
1302
What is the remainder when 283315715 is divided by 94438571?
2
Calculate the remainder when 210211 is divided by 8052.
859
What is the remainder when 10805092 is divided by 34855?
42
What is the remainder when 734586 is divided by 20405?
6
Calculate the remainder when 3349358 is divided by 25.
8
What is the remainder when 431816 is divided by 61687?
7
Calculate the remainder when 5050773 is divided by 2525354.
65
What is the remainder when 9074966 is divided by 71?
30
Calculate the remainder when 17455476 is divided by 4363866.
12
Calculate the remainder when 2023312 is divided by 6095.
5867
What is the remainder when 82227 is divided by 193?
9
Calculate the remainder when 8205258 is divided by 166.
44
Calculate the remainder when 522975 is divided by 143.
24
What is the remainder when 2054104 is divided by 113?
103
Calculate the remainder when 2725658 is divided by 272549.
168
What is the remainder when 10438 is divided by 5156?
126
What is the remainder when 1729392 is divided by 333?
123
What is the remainder when 1019612 is divided by 133?
34
Calculate the remainder when 34668853 is divided by 808.
805
What is the remainder when 238614522 is divided by 79?
78
What is the remainder when 128122 is divided by 128117?
5
What is the remainder when 1883659 is divided by 81898?
5
What is the remainder when 286998 is divided by 765?
123
What is the remainder when 3947538 is divided by 1973750?
38
What is the remainder when 165660897 is divided by 11?
6
Calculate the remainder when 9781289 is divided by 10.
9
Calculate the remainder when 35687 is divided by 35601.
86
What is the remainder when 851430 is divided by 47?
25
Calculate the remainder when 321893 is divided by 53006.
3857
What is the remainder when 28950 is divided by 3501?
942
What is the remainder when 1106343 is divided by 1904?
119
Calculate the remainder when 641746 is divided by 4306.
152
What is the remainder when 18401153 is divided by 137?
135
Calculate the remainder when 282535 is divided by 70622.
47
Calculate the remainder when 3564430 is divided by 1188137.
19
What is the remainder when 66241348 is divided by 22080448?
4
Calculate the remainder when 2450471139 is divided by 20.
19
Calculate the remainder when 2132164 is divided by 177669.
136
Calculate the remainder when 38188898 is divided by 103774.
66
Calculate the remainder when 12795460 is divided by 1066284.
52
Calculate the remainder when 2164694 is divided by 3620.
3554
Calculate the remainder when 9233370 is divided by 843.
834
What is the remainder when 44211 is divided by 166?
55
What is the remainder when 79612 is divided by 157?
13
Calculate the remainder when 280324 is divided by 6837.
7
What is the remainder when 1675952 is divided by 157?
134
What is the remainder when 674731 is divided by 24?
19
Calculate the remainder when 793318 is divided by 315.
148
What is the remainder when 1626690 is divided by 162660?
90
What is the remainder when 10896253 is divided by 267?
250
Calculate the remainder when 35665967 is divided by 4118.
4087
What is the remainder when 511165 is divided by 30?
25
Calculate the remainder when 2534280 is divided by 2534130.
150
Calculate the remainder when 4994800 is divided by 11199.
46
What is the remainder when 43832 is divided by 5893?
2581
What is the remainder when 300086 is divided by 154?
94
What is the remainder when 168583 is divided by 168522?
61
What is the remainder when 181148 is divided by 30188?
20
What is the remainder when 1944635997 is divided by 96?
93
What is the remainder when 2849504 is divided by 101?
92
Calculate the remainder when 41394519 is divided by 8.
7
Calculate the remainder when 3228555 is divided by 1343.
1326
What is the remainder when 2052429 is divided by 725?
679
What is the remainder when 95200 is divided by 31679?
163
Calculate the remainder when 173590 is divided by 819.
781
Calculate the remainder when 6579814 is divided by 8403.
265
What is the remainder when 10959319 is divided by 15860?
59
What is the remainder when 2786652